common divisor of q and l.
12
Let x be (-8)/(-14) - (-4212)/273. Calculate the greatest common factor of x and 1.
1
Let c = 127 + -99. Calculate the greatest common factor of 252 and c.
28
Suppose 4*t = -l + 2*t, -4*t = 3*l - 2. Suppose 0 = l*x + 2, -5*g + 594 = 4*x + 123. What is the highest common factor of 19 and g?
19
Let k(t) = -14*t - 3. Let v be k(-2). Let p = -14 - -39. What is the greatest common factor of v and p?
25
Let m = -2066 - -2079. Suppose -u - 4 = 0, 0 = -2*w + u + 232 - 20. Calculate the greatest common factor of m and w.
13
Let d be (-9)/(-6) - (-6)/4. Suppose 42 = 2*u + 3*u + g, u = -g + 6. What is the greatest common divisor of d and u?
3
Let o(y) be the first derivative of 3*y**2/2 + 8*y + 5. Let f be o(0). What is the greatest common divisor of 12 and f?
4
Let b be 0/(-2) + -16 - -1. Let s = b + 15. Suppose -3*n + n + 8 = s. Calculate the greatest common factor of n and 2.
2
Let h be (-15)/(-5)*(4 + (-5 - -2)). Let j(d) = 4*d**2 - 2*d - 3. Let p be -9*1*(-3)/9. Let s be j(p). Calculate the greatest common divisor of s and h.
3
Let d(a) = a**2 + 43*a - 207. Let v be d(-51). What is the greatest common divisor of 67 and v?
67
Suppose -5*p = 6*p - 1848. What is the greatest common factor of 21 and p?
21
Suppose 4*b + 2*q = -q + 5, -q + 5 = 3*b. Let m be (-98)/(-2) - (b + -1). Calculate the greatest common factor of m and 12.
12
Suppose x = 3*x - 110. Let h(t) = t**3 + t**2 - 1. Let j be h(2). What is the highest common divisor of j and x?
11
Suppose 2*k + 3*k - 540 = 0. Suppose -g = 2*g - k. Let a be 25/20 - 67*(-2)/8. What is the greatest common factor of a and g?
18
Let q = -14 - -29. Let j be 159/q - 6/(-15). Let h = j + -9. Calculate the highest common factor of h and 12.
2
Suppose 2*w + 5 = -o - 3, -w = -4*o + 4. Suppose 4*k - 5*a = 60, 5*k - a - 96 = -o*k. What is the greatest common divisor of 100 and k?
20
Suppose -q - 3*f + 5 = 0, 5*q - f + 45 = -2*f. Let o be 3/5 - 804/q. What is the highest common factor of 9 and o?
9
Suppose -7 = 5*j - q - 108, 4*q = -j + 16. Let v = -1 + 3. Calculate the greatest common factor of v and j.
2
Let g = 838 - 668. What is the highest common divisor of 80 and g?
10
Suppose k = -4*w + 2*k + 479, 0 = 2*w + k - 241. Suppose -53*l = -56*l + w. What is the greatest common divisor of 30 and l?
10
Let v(f) = 4*f**2 + 5*f + 3. Suppose -4*g + 4 = -6*g. Let y be v(g). Calculate the greatest common factor of y and 36.
9
Let g = -19 - -33. Let z(v) = -v**2 + 19*v - 10. Let b be z(g). What is the highest common divisor of 20 and b?
20
Let t(z) = 2*z**3 - 17*z**2 + 54*z + 1. Let l be t(7). What is the highest common divisor of 16 and l?
8
Let n(s) = -10*s - 7. Suppose 2*d + 13 = -5*y + 2*y, 0 = -d - 2*y - 8. Let m be n(d). What is the highest common divisor of 26 and m?
13
Let s = -159 + 179. Suppose 0 = -2*j + m - 3, -j = 4*m - 0*m + 24. Let d be 163 - (-4)/(j/3). Calculate the greatest common divisor of s and d.
20
Let x = -895 + 1500. What is the greatest common divisor of 11 and x?
11
Let q be 3/(3/16) + -1. Suppose 2*j - 80 = -70. Calculate the greatest common factor of q and j.
5
Suppose -c = -51*d + 46*d - 17, -5*d = 10*c - 335. Let x(y) = y**3 + 6*y**2 + 4*y - 7. Let v be x(5). Calculate the greatest common factor of v and c.
32
Suppose 66 - 297 = -3*o. What is the highest common factor of 121 and o?
11
Suppose n = 5*n - 204. Suppose 0 = -2*r + 2 - 20. Let j be r/(-6)*136/6. What is the highest common factor of n and j?
17
Suppose -7 = -n + 5. Let f be -14 + (4 - 1) + 1. Let b be 5/f*7*-24. What is the highest common divisor of n and b?
12
Let v(d) = -5*d**2 - 49*d - 87. Let o be v(-5). Let h = -12 - -56. Calculate the highest common factor of o and h.
11
Suppose -4*x = 3*y + 12 - 146, 4*y - 104 = -3*x. Calculate the highest common factor of x and 80.
16
Suppose -4*m - g + 134 = -293, -4*m = 5*g - 439. Calculate the highest common divisor of 477 and m.
53
Let d(k) = k**2 - 3. Let w be d(-2). Let x = 132 + -126. Calculate the greatest common divisor of x and w.
1
Let x = -294 - -310. Let l(o) = 29*o + 2. Let a be l(6). Calculate the highest common factor of x and a.
16
Suppose -5*z + 135 - 35 = 0. Suppose 5*x + 0 = z. Suppose 0 = -x*o + 5*j + 70, 3*o + 0*j = -5*j + 70. What is the greatest common divisor of o and 20?
20
Suppose -5*p - 3*o + 5 = -12, 11 = 3*p + o. Let a be 417/4 - p/16. Let t = 24 + -11. Calculate the highest common factor of a and t.
13
Let h be (-39)/2*((-77)/33 - 7). What is the greatest common divisor of 14 and h?
14
Suppose 4*s + 2*l - 46 = 68, s + 3*l - 26 = 0. Let x be 4220/28 - 6 - 4/(-14). What is the greatest common factor of x and s?
29
Let n = -247 - -275. What is the highest common divisor of n and 238?
14
Suppose -23*g = -7400 + 2616. What is the highest common factor of g and 936?
104
Suppose -4*s - 3*q + 49 = 2*q, -5*s + 65 = 5*q. Let g be 2 - (2 - (-3 - 4)). Let v = g + s. Calculate the highest common divisor of 36 and v.
9
Suppose -5*b - 12 - 4 = h, 3*b + h + 10 = 0. Let y be b*(16/(-6) + 0). Suppose 80 = -3*a + y*a. Calculate the greatest common factor of 2 and a.
2
Let w = -367 + 364. Let j = 60 + -43. Let q = j + w. Calculate the highest common divisor of 56 and q.
14
Let j = 346 - 334. Calculate the greatest common divisor of 78 and j.
6
Let z(q) = -q**2 + 21*q - 17. Let x be z(9). Let c = x - 89. What is the greatest common factor of c and 9?
1
Suppose -12 + 7 = n. Let x = 25 + n. What is the highest common divisor of 20 and x?
20
Let g(j) be the second derivative of -j**4/12 - j**3/3 + j**2 - j. Suppose -8*y + 4*y - 8 = 0. Let k be g(y). What is the greatest common divisor of k and 2?
2
Let z be ((-60)/9)/(7/(-42)). What is the greatest common divisor of 270 and z?
10
Suppose -3*u + 276 = 3*t, -u + 6*u = 5*t + 500. Suppose -703*z + 12 = -702*z. Calculate the greatest common factor of z and u.
12
Suppose -152 = -4*j + 136. What is the greatest common factor of 27 and j?
9
Let g = -20 + 29. Let o(l) = 1062*l + 3207. Let p be o(-3). What is the highest common divisor of p and g?
3
Let i be (54/36)/(3/56). What is the greatest common divisor of i and 182?
14
Suppose 167 = -4*w - 5*g, 2*w - 5*g + 49 = -12. Let m = 93 + w. Calculate the greatest common divisor of m and 11.
11
Suppose 0 = -0*l - l - 50. Let i = -37 - l. Suppose i*d = 18*d - 90. What is the greatest common factor of d and 54?
18
Suppose -199 = 5*o - 599. Suppose t + o = 5*t. Suppose 20*i = 21*i - 220. What is the greatest common divisor of t and i?
20
Let l be 8/((-16)/(-3))*4. Calculate the greatest common factor of 6 and l.
6
Let a(t) = 8*t**2 - 11*t - 5. Let z be a(-3). Suppose -z = -2*v + 44. What is the highest common factor of v and 180?
36
Suppose 71 + 37 = 6*x. Let a = x + 2. Calculate the highest common divisor of 30 and a.
10
Let s = -220 - -451. Suppose 2*u - 3*d = 57, d - 5 = 2*d. What is the greatest common factor of s and u?
21
Let l = 128 - 214. Let y = -51 - l. Let w = 68 - y. What is the highest common factor of 33 and w?
33
Suppose 3*i - 5*p = 920, 0 = -2*i - 5*p + 976 - 321. What is the greatest common factor of i and 18?
9
Suppose 45 = -2*u + 5*u. Suppose 70 - u = 5*j. Suppose -4*p = -3*s - 0*s + 5, -6 = 3*p - 3*s. Calculate the greatest common factor of p and j.
1
Let t = 27 - 24. Suppose -8 = 5*w - t. Let m be (-11)/(-4)*(3 - w). Calculate the greatest common factor of m and 55.
11
Suppose 0 = 122*b - 119*b - 12. Calculate the highest common divisor of b and 4.
4
Let b = -374 - -546. Suppose 5*d - b = n, 4*d + d - 4*n - 163 = 0. Suppose 3*g + m - 4*m - 27 = 0, 2*g = -m + 12. What is the highest common divisor of d and g?
7
Let y be ((-1)/(-2))/(11/(-22))*-3. Suppose -8*b - y*b = -110. Calculate the highest common divisor of 40 and b.
10
Suppose -55*k = -414 - 301. Calculate the greatest common divisor of 52 and k.
13
Let d(l) = -l**3 + 8*l**2 - 13*l - 6. Let a be d(5). Suppose -3*n + 0*n + 41 = -4*s, -4*n - a*s = -64. What is the greatest common factor of 165 and n?
15
Let b = -55 + 145. Calculate the greatest common divisor of b and 10.
10
Suppose -5*t = -159 + 799. Suppose m = -0*m - 3. Let g be t*(m - 20/(-8)). Calculate the greatest common factor of g and 16.
16
Let i = 347 - 330. Let d = -10 - -27. Calculate the greatest common factor of i and d.
17
Suppose -